 x be a(-2). What is the greatest common divisor of x and b?
18
Suppose 0 = 155*h - 149*h - 276. What is the greatest common divisor of 16 and h?
2
Let v = 894 + -1734. Let s be (12/(-10))/(((-9)/v)/(-1)). Let p be 0 + 4*4 - 0. Calculate the greatest common factor of p and s.
16
Let h be 0 + 531 + (-1 + 0)*4. What is the greatest common divisor of h and 34?
17
Suppose n + 3*n = 72. Suppose 0*v + 3*v = -z - 25, 0 = -5*v - 3*z - 47. Let q be (-187)/v - 4/(-14). Calculate the greatest common factor of q and n.
9
Suppose -4*k = 0, -3*m + 2*k + 15 = -2*m. Calculate the greatest common divisor of 285 and m.
15
Suppose i = 5*q - 96, -3*i + 4*i + 58 = 3*q. Let z = 630 + -554. What is the greatest common factor of z and q?
19
Let k(b) = 16*b. Let q be 72/20 - (-3)/(-5). Suppose -2*m + 9 = q. Let f be k(m). What is the highest common divisor of f and 12?
12
Let q = 172 + -141. Calculate the highest common divisor of q and 279.
31
Suppose 131 - 2947 = -4*w. What is the greatest common factor of w and 66?
22
Suppose 12442 + 3028 = 17*b. What is the greatest common factor of b and 52?
26
Let w be 8*(39/(-6) + -2 + 0). Let r = -28 - w. Calculate the highest common factor of 8 and r.
8
Suppose 90 = -3*f - 207. Let v = 118 + f. What is the greatest common divisor of 57 and v?
19
Let m(s) = s**2 - s - 4. Let o be m(4). Let k be -19*-6*(-2)/6. Let h be -5 - 52/(-12) - k/3. What is the greatest common divisor of o and h?
4
Let h(w) = 3*w + 16. Let m be h(-13). Let u = -22 + 3. Let j = u - m. What is the highest common divisor of j and 32?
4
Let s(h) = 50*h**2 - 20*h + 96. Let x be s(4). What is the greatest common divisor of x and 48?
48
Let t = -246 - -266. Calculate the greatest common divisor of t and 230.
10
Suppose s + 0*s = 2*j + 120, 0 = 2*s - 5*j - 244. Suppose 7*b = -28 + s. What is the greatest common divisor of b and 204?
12
Suppose -6*n + 370 = -n + 3*z, 3*z = 3*n - 222. Suppose -5*b + 490 = y, -4*b - 2*y + 460 = n. What is the greatest common divisor of b and 22?
11
Suppose 0 = -c + 26 - 38. Let d be 10 - 0*(-4)/c. What is the greatest common divisor of d and 25?
5
Let b be -3*1 + (5 - 1). Let i(z) = -z**3 + 6*z**2 - 6*z + 14. Let g be i(5). Calculate the highest common factor of b and g.
1
Let j = -869 + 985. Calculate the greatest common divisor of j and 4.
4
Let f be (-5 - -4)*-3*1. Let m(r) = 5*r**2 + 9*r - 6. Let y be m(f). Calculate the highest common factor of 44 and y.
22
Let q(m) = m**2 - 21*m + 39. Let u be q(21). Suppose -38*s + u*s - 54 = 0. Calculate the greatest common divisor of s and 18.
18
Suppose -2*g + 90 = -0*g. Suppose 117 = 4*d - 11. Suppose -x - 4 = -y + 27, y - 2*x - d = 0. What is the greatest common divisor of g and y?
15
Suppose 0 = 2*l - 24*p + 22*p - 536, 0 = -p. What is the greatest common factor of 4 and l?
4
Let r be (3 + -2 - -14) + 3. What is the highest common factor of r and 126?
18
Suppose -4*c - 33*b + 85 = -38*b, 2*b + 10 = 0. Calculate the highest common factor of 15 and c.
15
Let i(h) = 173*h**2 - 2*h - 1. Let c be i(1). Calculate the greatest common divisor of 30 and c.
10
Suppose 0 = -15*n - n + 3680. What is the greatest common divisor of n and 138?
46
Suppose -2*s + 3*s - f = -3, 0 = -4*s + 5*f - 15. Suppose 8*y - 7*y + 2 = s. Let x be 54 - ((-4 - y) + -1). Calculate the highest common factor of 19 and x.
19
Let a = 57 - 59. Let p = 24 + a. Suppose 5*h - 72 = 38. Calculate the greatest common factor of p and h.
22
Suppose -4*x = 4*h - 176, 3*x = -0*x + 2*h + 107. Suppose 2*k + 3*p = -2*k - 4, -5*k = 4*p + 5. Let i = 25 - k. What is the greatest common divisor of x and i?
13
Suppose -13 + 37 = 8*g. Suppose 50 = 3*o - 7. Suppose o = s - 2. Calculate the highest common divisor of g and s.
3
Let l be 0 + 35 + -1 + -1. Let z = 121 + -119. Suppose -12 = -z*d + 4*c + 12, 85 = 5*d - 5*c. Calculate the greatest common factor of l and d.
11
Suppose -2*g + 101 = 5*m, 116 = 5*g - m - 69. Let u = -37 + g. Calculate the greatest common divisor of u and 9.
1
Let s(r) = 36*r - 51. Let o be s(2). Calculate the highest common factor of 189 and o.
21
Suppose 2*q - 2*r + 0*r = 386, 5*q - 961 = r. Let a = -990 - -1014. Calculate the highest common factor of a and q.
24
Let s be (1*32/10)/(50/375). What is the greatest common divisor of s and 88?
8
Let l(j) = 2*j**3 - 27*j**2 - 9*j - 34. Let s be l(15). Calculate the highest common factor of s and 22.
22
Let p be (3/2)/(39/52). Let w be (p + -1)*(-23 + 26). Calculate the greatest common factor of 15 and w.
3
Let i(t) = -2*t + 1. Let o be i(-3). Let n be -1 + (3 + (1 - 2) - 3). Let w(z) = -12*z + 4. Let j be w(n). What is the greatest common factor of j and o?
7
Suppose 5*d - d = 44. Let v(b) = -3*b - 7. Let y be v(4). Let t = d - y. Calculate the greatest common divisor of 45 and t.
15
Suppose -4*t - 3*t = -924. Suppose 5*b + 268 = 43. Let r be (8/6)/((-5)/b). What is the highest common divisor of r and t?
12
Let p(g) = 16*g**2 + 15*g - 112. Let o be p(5). What is the greatest common divisor of 33 and o?
33
Suppose 7486 - 2446 = 48*q. Calculate the greatest common factor of 2835 and q.
105
Let a(c) = 226*c**3 - 2*c**2 - c + 1. Let v be a(1). Calculate the greatest common divisor of 32 and v.
32
Let t(p) = -p**3 - 3*p**2 - p. Let d be t(0). Suppose d = 8*g - 4*g - 320. Let u = 26 + -10. What is the highest common factor of u and g?
16
Let d = -33 + 97. What is the highest common divisor of 8 and d?
8
Let k(o) = o**3 + 8*o**2 - 8*o + 12. Let t = -6 + -3. Let c be k(t). Let m = 22 - 7. What is the greatest common divisor of c and m?
3
Let s(n) = -n**2 + 5*n + 75. Let a be s(8). Calculate the highest common factor of a and 663.
51
Suppose -12937 = -19*j - 1993. What is the greatest common factor of 2 and j?
2
Suppose 5*w + 4*o - 365 = 52, -5*w + o + 402 = 0. What is the highest common factor of w and 135?
27
Let y(f) = 8*f**3 - 3*f**2 + 121*f - 690. Let a be y(6). What is the greatest common factor of 144 and a?
72
Suppose 40*k - 7629 - 18291 = 0. What is the greatest common divisor of k and 24?
24
Let l be 8/28 + (-290)/(-14). Let j = 7 + l. Calculate the highest common divisor of j and 7.
7
Let g = 4 + 0. Let m(w) = -w**2 + 4*w + 4. Let r be m(g). Let o = -4 - -12. Calculate the greatest common divisor of o and r.
4
Let z be 2*1 + 0/(-9). Suppose -3*g + z*r + 35 = 0, 4*r + 39 = g + 14. Suppose -n + 2*l - 1 = 0, 0 - g = -3*l. Calculate the greatest common factor of 50 and n.
5
Let n = -1413 + 1893. What is the greatest common divisor of n and 100?
20
Let m(a) = -2*a**2 + 64*a - 150. Let w be m(29). Calculate the highest common factor of w and 2712.
24
Suppose -5*v + 4*c + 30 = 0, -v = 4*v + 2*c. Suppose -y - 67 = -5*g, v*y = 3*g - 0*y - 36. What is the greatest common factor of 98 and g?
14
Let o be 6/(18/3) + 104. What is the greatest common divisor of o and 21?
21
Let k(y) = y**3 + 13*y**2 + 11*y + 4. Let c = -15 + 20. Suppose -2*q = c*p - 1, 20 = p + 3*p. Let z be k(q). Calculate the highest common factor of z and 144.
16
Suppose 3*u + l - 141 = 218, 0 = -2*u + l + 241. Suppose -4*o - 5*k + 70 = o, -4*k + 41 = 3*o. What is the greatest common divisor of u and o?
15
Suppose 243*p - 10 = 242*p. Calculate the greatest common factor of p and 70.
10
Let t = 44 + -30. Let b be t/(-4)*56/(-4). Calculate the highest common divisor of 7 and b.
7
Let i = 108 + -96. Let g be (9/12)/3 - (-21)/i. What is the greatest common divisor of 6 and g?
2
Let s be 4 + (-1)/1*2. Suppose 0 = -t + 3*z + 17, -z = -s*t + 2*z + 22. Calculate the greatest common divisor of t and 1.
1
Suppose 0 = -c - m + 2*m + 54, 60 = c + m. Calculate the greatest common divisor of 19 and c.
19
Let x = -19 - -23. Suppose -3*a = -4*b + 1 + 5, 0 = -4*a - x*b + 20. Calculate the greatest common divisor of a and 18.
2
Suppose 5*k = t + 2*t + 720, -132 = -k + 3*t. Calculate the greatest common factor of k and 42.
21
Suppose -4*b - 9 = -2*t - 3*b, -3*t + 20 = 5*b. Suppose -64*a - 200 = -69*a. What is the highest common factor of a and t?
5
Let i(p) = 3*p**2 - 13*p - 31. Let l be i(-3). Calculate the highest common factor of 5 and l.
5
Suppose 0 = -q + 10 + 6. Suppose -q = 7*v - 9*v. Calculate the highest common divisor of 4 and v.
4
Suppose 0 = z - x - 166, 3*x - 468 = -3*z - 0*x. Calculate the highest common factor of 23 